{"id":6635,"date":"2019-05-10T14:40:15","date_gmt":"2019-05-10T14:40:15","guid":{"rendered":"http:\/\/impreza.us-themes.com\/?page_id=6635"},"modified":"2025-08-18T17:43:04","modified_gmt":"2025-08-18T20:43:04","slug":"home","status":"publish","type":"page","link":"https:\/\/fscurtis.cl\/landing\/lubricanteRS8000\/","title":{"rendered":"Lubricante RS 8000 19 lts"},"content":{"rendered":"<section class=\"l-section wpb_row height_custom\"><div class=\"l-section-h i-cf\"><div class=\"g-cols vc_row via_flex valign_top type_default stacking_default\"><div data-us-scroll=\"{&quot;from_initial_position&quot;:&quot;0&quot;,&quot;start_position&quot;:&quot;0%&quot;,&quot;end_position&quot;:&quot;100%&quot;,&quot;delay&quot;:&quot;0.1s&quot;,&quot;translate_y_direction&quot;:&quot;up&quot;,&quot;translate_y_speed&quot;:&quot;0.5x&quot;}\" class=\"vc_col-sm-12 wpb_column vc_column_container has_scroll_effects has_translate_y\"><div class=\"vc_column-inner\"><div class=\"wpb_wrapper\"><div class=\"w-content-carousel items_1\"><div class=\"owl-carousel valign_stretch dotstyle_diamond navstyle_circle navpos_outside owl-responsive-2000 with_dots with_arrows\" style=\"--items-gap:0px;--transition-duration:350ms;--arrows-size:1.5rem;\" onclick=\"return {&quot;aria_labels&quot;:{&quot;prev&quot;:&quot;Anterior&quot;,&quot;next&quot;:&quot;Siguiente&quot;},&quot;autoplayContinual&quot;:false,&quot;autoplayHoverPause&quot;:false,&quot;autoplayTimeout&quot;:5000,&quot;fluidSpeed&quot;:350,&quot;margin&quot;:0,&quot;mouseDrag&quot;:false,&quot;slideBy&quot;:&quot;1&quot;,&quot;touchDrag&quot;:false,&quot;slideTransition&quot;:&quot;&quot;,&quot;responsive&quot;:{&quot;0&quot;:{&quot;autoHeight&quot;:false,&quot;autoplay&quot;:true,&quot;autoWidth&quot;:false,&quot;center&quot;:false,&quot;dots&quot;:true,&quot;items&quot;:1,&quot;loop&quot;:true,&quot;nav&quot;:true,&quot;stagePadding&quot;:0},&quot;601&quot;:{&quot;autoHeight&quot;:false,&quot;autoplay&quot;:true,&quot;autoWidth&quot;:false,&quot;center&quot;:false,&quot;dots&quot;:true,&quot;items&quot;:1,&quot;loop&quot;:true,&quot;nav&quot;:true,&quot;stagePadding&quot;:0}}}\"><div class=\"w-hwrapper valign_top align_left\" style=\"--hwrapper-gap:0.6rem\"><div class=\"w-image us_custom_4fc897c3 us_animate_this align_left\"><div class=\"w-image-h\"><img decoding=\"async\" width=\"410\" height=\"523\" src=\"https:\/\/fscurtis.cl\/landing\/lubricanteRS8000\/wp-content\/uploads\/2025\/02\/RS-8000-Lubricant-19-litros.png\" class=\"attachment-full size-full\" alt=\"\" loading=\"lazy\" srcset=\"https:\/\/fscurtis.cl\/landing\/lubricanteRS8000\/wp-content\/uploads\/2025\/02\/RS-8000-Lubricant-19-litros.png 410w, https:\/\/fscurtis.cl\/landing\/lubricanteRS8000\/wp-content\/uploads\/2025\/02\/RS-8000-Lubricant-19-litros-235x300.png 235w\" sizes=\"auto, (max-width: 410px) 100vw, 410px\" \/><\/div><\/div><div class=\"w-vwrapper align_left valign_top\"><div class=\"w-separator size_small\"><\/div><h1 class=\"w-text us_custom_733a180e has_text_color\"><span class=\"w-text-h\"><span class=\"w-text-value\">Lubricante para compresores de tornillos RS 8000 19 Litros<\/span><\/span><\/h1><div class=\"wpb_text_column us_custom_92e47119 has_text_color\"><div class=\"wpb_wrapper\"><h2 style=\"text-align: center;\"><strong><span style=\"color: #e30613;\">$299.693 + IVA<\/span><\/strong><\/h2>\n<\/div><\/div><div class=\"w-separator size_custom\" style=\"height:5px\"><\/div><div class=\"wpb_text_column us_custom_e5aea6d2\"><div class=\"wpb_wrapper\"><h6>Lubricante sint\u00e9tico PAO para compresores de tornillo.<\/h6>\n<h6>Disponible en grados ISO 32 y 46, ofrece hasta 8.000 horas de operaci\u00f3n continua, con excelente estabilidad t\u00e9rmica, resistencia a la oxidaci\u00f3n y protecci\u00f3n contra el desgaste. Ideal para industrias que requieren confiabilidad operativa sin interrupciones.<\/h6>\n<\/div><\/div><div class=\"w-separator size_small\"><\/div><div class=\"w-separator size_custom\" style=\"height:10px\"><\/div><div class=\"w-separator size_custom\" style=\"height:10px\"><\/div><p class=\"product woocommerce add_to_cart_inline \" style=\"border: 0;\"><span class=\"woocommerce-Price-amount amount\"><bdi><span class=\"woocommerce-Price-currencySymbol\">&#36;<\/span>299.693<\/bdi><\/span> <small class=\"woocommerce-price-suffix\">+ IVA<\/small><a href=\"?add-to-cart=9290\" aria-describedby=\"woocommerce_loop_add_to_cart_link_describedby_9290\" data-quantity=\"1\" class=\"button product_type_simple add_to_cart_button ajax_add_to_cart\" data-product_id=\"9290\" data-product_sku=\"\" aria-label=\"A\u00f1adir al carrito: &ldquo;RS 8000 Lubricant 19 Litros&rdquo;\" rel=\"nofollow\" data-success_message=\"\u00abRS 8000 Lubricant 19 Litros\u00bb se ha a\u00f1adido a tu carrito\"><i class=\"g-preloader type_1\"><\/i><span class=\"w-btn-label\">A\u00f1adir al carrito<\/span><\/a>\t<span id=\"woocommerce_loop_add_to_cart_link_describedby_9290\" class=\"screen-reader-text\">\n\t\t\t<\/span>\n<\/p><\/div><\/div><\/div><\/div><div class=\"w-separator size_small with_line width_default thick_2 style_solid color_secondary align_center\"><div class=\"w-separator-h\"><\/div><\/div><div class=\"wpb_text_column us_custom_8f2ba1f4 us_animate_this\"><div class=\"wpb_wrapper\"><h4 style=\"text-align: center;\">Un a\u00f1o de operaci\u00f3n sin pausas. Pensado para industrias que exigen confiabilidad total.<\/h4>\n<hr \/>\n<p>&nbsp;<\/p>\n<p>Dise\u00f1ado para maximizar la eficiencia operativa. Formulado con PAO (polialfaolefina), una base sint\u00e9tica de alto rendimiento, este lubricante ofrece hasta 8.000 horas de operaci\u00f3n continua, equivalente a un a\u00f1o completo de funcionamiento sin recambio. Su composici\u00f3n garantiza excelente estabilidad t\u00e9rmica, resistencia a la oxidaci\u00f3n y bajo punto de fluidez, lo que las convierte en la opci\u00f3n ideal para aplicaciones industriales cr\u00edticas.<\/p>\n<p>Caracter\u00edsticas t\u00e9cnicas clave<\/p>\n<ul>\n<li>Base PAO: rendimiento superior frente a aceites minerales y sint\u00e9ticos convencionales.<\/li>\n<li>ISO 32: ideal para climas fr\u00edos o sistemas de alta velocidad.<\/li>\n<li>ISO 46: recomendado para ambientes c\u00e1lidos o equipos que funcionan con altas cargas.<\/li>\n<li>Alta resistencia a la oxidaci\u00f3n: menor formaci\u00f3n de dep\u00f3sitos y lodos.<\/li>\n<li>Excelente demulsibilidad: separa r\u00e1pidamente el agua, protegiendo los componentes internos.<\/li>\n<\/ul>\n<p>Aplicaciones por industria:<\/p>\n<ul>\n<li>Miner\u00eda: operaci\u00f3n continua en ambientes extremos.<\/li>\n<li>Alimentos y bebidas: procesos que requieren confiabilidad y limpieza.<\/li>\n<li>Manufactura y pl\u00e1sticos: l\u00edneas de producci\u00f3n.<\/li>\n<li>Log\u00edstica y distribuci\u00f3n: sistemas neum\u00e1ticos que exigen funcionamiento interrumpido.<\/li>\n<\/ul>\n<\/div><\/div><div class=\"w-content-carousel items_1\"><div class=\"owl-carousel valign_stretch dotstyle_circle navstyle_block navpos_outside owl-responsive-2000 with_arrows\" style=\"--items-gap:30px;--transition-duration:350ms;--arrows-size:1.5rem;\" onclick=\"return {&quot;aria_labels&quot;:{&quot;prev&quot;:&quot;Anterior&quot;,&quot;next&quot;:&quot;Siguiente&quot;},&quot;autoplayContinual&quot;:false,&quot;autoplayHoverPause&quot;:false,&quot;autoplayTimeout&quot;:3000,&quot;fluidSpeed&quot;:350,&quot;margin&quot;:30,&quot;mouseDrag&quot;:true,&quot;slideBy&quot;:&quot;1&quot;,&quot;touchDrag&quot;:true,&quot;slideTransition&quot;:&quot;&quot;,&quot;responsive&quot;:{&quot;0&quot;:{&quot;autoHeight&quot;:false,&quot;autoplay&quot;:false,&quot;autoWidth&quot;:false,&quot;center&quot;:false,&quot;dots&quot;:false,&quot;items&quot;:1,&quot;loop&quot;:false,&quot;nav&quot;:false,&quot;stagePadding&quot;:0},&quot;601&quot;:{&quot;autoHeight&quot;:false,&quot;autoplay&quot;:false,&quot;autoWidth&quot;:false,&quot;center&quot;:false,&quot;dots&quot;:false,&quot;items&quot;:1,&quot;loop&quot;:false,&quot;nav&quot;:false,&quot;stagePadding&quot;:0},&quot;1025&quot;:{&quot;autoHeight&quot;:false,&quot;autoplay&quot;:false,&quot;autoWidth&quot;:false,&quot;center&quot;:false,&quot;dots&quot;:false,&quot;items&quot;:1,&quot;loop&quot;:false,&quot;nav&quot;:false,&quot;stagePadding&quot;:0},&quot;1281&quot;:{&quot;autoHeight&quot;:false,&quot;autoplay&quot;:false,&quot;autoWidth&quot;:false,&quot;center&quot;:false,&quot;dots&quot;:false,&quot;items&quot;:1,&quot;loop&quot;:false,&quot;nav&quot;:true,&quot;stagePadding&quot;:0}}}\"><\/div><\/div><\/div><\/div><\/div><\/div><\/div><\/section><section class=\"l-section wpb_row us_custom_edb423b1 height_auto width_full\"><div class=\"l-section-h i-cf\"><div class=\"g-cols vc_row via_flex valign_top type_default stacking_default\"><div class=\"vc_col-sm-12 wpb_column vc_column_container\"><div class=\"vc_column-inner\"><div class=\"wpb_wrapper\"><div class=\"g-cols wpb_row us_custom_a2ebf4ae contacto via_flex valign_top type_default stacking_default\"><div class=\"vc_col-sm-8 wpb_column vc_column_container\"><div class=\"vc_column-inner us_custom_6c21c073 us_animate_this\"><div class=\"wpb_wrapper\"><div class=\"w-hwrapper valign_top align_right\">\n<div class=\"wpcf7 no-js\" id=\"wpcf7-f13-o1\" lang=\"es-ES\" dir=\"ltr\" data-wpcf7-id=\"13\">\n<div class=\"screen-reader-response\"><p role=\"status\" aria-live=\"polite\" aria-atomic=\"true\"><\/p> <ul><\/ul><\/div>\n<form action=\"\/landing\/lubricanteRS8000\/wp-json\/wp\/v2\/pages\/6635#wpcf7-f13-o1\" method=\"post\" class=\"wpcf7-form init\" aria-label=\"Formulario de contacto\" novalidate=\"novalidate\" data-status=\"init\">\n<div style=\"display: none;\">\n<input type=\"hidden\" name=\"_wpcf7\" value=\"13\" \/>\n<input type=\"hidden\" name=\"_wpcf7_version\" value=\"6.0\" \/>\n<input type=\"hidden\" name=\"_wpcf7_locale\" value=\"es_ES\" \/>\n<input type=\"hidden\" name=\"_wpcf7_unit_tag\" value=\"wpcf7-f13-o1\" \/>\n<input type=\"hidden\" name=\"_wpcf7_container_post\" value=\"0\" \/>\n<input type=\"hidden\" name=\"_wpcf7_posted_data_hash\" value=\"\" \/>\n<input type=\"hidden\" name=\"_wpcf7_recaptcha_response\" value=\"\" \/>\n<\/div>\n<div class=\"formulario\">\n\t<h2 class=\"titulo-formulario\"> Cont\u00e1ctanos\n\t<\/h2>\n\t<p class=\"texto-formulario\"><br \/>\n<span class=\"wpcf7-form-control-wrap\" data-name=\"your-name\"><input size=\"40\" maxlength=\"400\" class=\"wpcf7-form-control wpcf7-text wpcf7-validates-as-required texto-formulario\" aria-required=\"true\" aria-invalid=\"false\" placeholder=\"Nombre\" value=\"\" type=\"text\" name=\"your-name\" \/><\/span>\n\t<\/p>\n\t<p class=\"texto-formulario\"><br \/>\n<span class=\"wpcf7-form-control-wrap\" data-name=\"Rut-empresa\"><input size=\"40\" maxlength=\"400\" class=\"wpcf7-form-control wpcf7-text Rut texto-formulario\" aria-invalid=\"false\" placeholder=\"Rut Empresa\" value=\"\" type=\"text\" name=\"Rut-empresa\" \/><\/span>\n\t<\/p>\n\t<p class=\"texto-formulario\"><br \/>\n<span class=\"wpcf7-form-control-wrap\" data-name=\"Giro\"><input size=\"40\" maxlength=\"400\" class=\"wpcf7-form-control wpcf7-text texto-formulario\" aria-invalid=\"false\" placeholder=\"Giro\" value=\"\" type=\"text\" name=\"Giro\" \/><\/span>\n\t<\/p>\n\t<p class=\"texto-formulario\"><br \/>\n<span class=\"wpcf7-form-control-wrap\" data-name=\"your-phone\"><input size=\"40\" maxlength=\"400\" class=\"wpcf7-form-control wpcf7-tel wpcf7-validates-as-required wpcf7-text wpcf7-validates-as-tel texto-formulario\" autocomplete=\"tel\" aria-required=\"true\" aria-invalid=\"false\" placeholder=\"Tel\u00e9fono\" value=\"\" type=\"tel\" name=\"your-phone\" \/><\/span>\n\t<\/p>\n\t<p class=\"texto-formulario\"><br \/>\n<span class=\"wpcf7-form-control-wrap\" data-name=\"your-email\"><input size=\"40\" maxlength=\"400\" class=\"wpcf7-form-control wpcf7-email wpcf7-validates-as-required wpcf7-text wpcf7-validates-as-email texto-formulario\" aria-required=\"true\" aria-invalid=\"false\" placeholder=\"Email\" value=\"\" type=\"email\" name=\"your-email\" \/><\/span>\n\t<\/p>\n\t<p class=\"texto-formulario\"><br \/>\n<span class=\"wpcf7-form-control-wrap\" data-name=\"your-message\"><textarea cols=\"40\" rows=\"10\" maxlength=\"2000\" class=\"wpcf7-form-control wpcf7-textarea texto-formulario\" aria-invalid=\"false\" placeholder=\"Mensaje...\" name=\"your-message\"><\/textarea><\/span>\n\t<\/p>\n\t<p><i class=\"fa-solid fa-arrow-up-right\"><input class=\"wpcf7-form-control wpcf7-submit has-spinner btn-formulario\" type=\"submit\" value=\"ENVIAR AHORA\" \/><\/i>\n\t<\/p>\n<\/div><p style=\"display: none !important;\" class=\"akismet-fields-container\" data-prefix=\"_wpcf7_ak_\"><label>&#916;<textarea name=\"_wpcf7_ak_hp_textarea\" cols=\"45\" rows=\"8\" maxlength=\"100\"><\/textarea><\/label><input type=\"hidden\" id=\"ak_js_1\" name=\"_wpcf7_ak_js\" value=\"87\"\/><script>document.getElementById( \"ak_js_1\" ).setAttribute( \"value\", ( new Date() ).getTime() );<\/script><\/p><div class=\"wpcf7-response-output\" aria-hidden=\"true\"><\/div>\n<\/form>\n<\/div>\n<div class=\"w-image us_custom_5acaa9a1 flecha-roja hide_on_mobiles align_none\"><div class=\"w-image-h\"><img decoding=\"async\" width=\"52\" height=\"58\" src=\"https:\/\/fscurtis.cl\/landing\/lubricanteRS8000\/wp-content\/uploads\/2025\/02\/icono-en-formulario.png\" class=\"attachment-large size-large\" alt=\"\" loading=\"lazy\" \/><\/div><\/div><\/div><\/div><\/div><\/div><div class=\"vc_col-sm-4 wpb_column vc_column_container  hide_on_mobiles\"><div class=\"vc_column-inner us_custom_ba870b58 us_animate_this\"><div class=\"wpb_wrapper\"><div class=\"w-image us_custom_e63031e3 img-contato align_none\"><div class=\"w-image-h\"><img decoding=\"async\" width=\"713\" height=\"774\" src=\"https:\/\/fscurtis.cl\/landing\/lubricanteRS8000\/wp-content\/uploads\/2025\/02\/foto-en-formulario-35.png\" class=\"attachment-full size-full\" alt=\"\" loading=\"lazy\" srcset=\"https:\/\/fscurtis.cl\/landing\/lubricanteRS8000\/wp-content\/uploads\/2025\/02\/foto-en-formulario-35.png 713w, https:\/\/fscurtis.cl\/landing\/lubricanteRS8000\/wp-content\/uploads\/2025\/02\/foto-en-formulario-35-276x300.png 276w, https:\/\/fscurtis.cl\/landing\/lubricanteRS8000\/wp-content\/uploads\/2025\/02\/foto-en-formulario-35-600x651.png 600w\" sizes=\"auto, (max-width: 713px) 100vw, 713px\" \/><\/div><\/div><\/div><\/div><\/div><\/div><\/div><\/div><\/div><div class=\"vc_col-sm-12 wpb_column vc_column_container franja-gris has_bg_color\"><div class=\"vc_column-inner us_custom_c24279d2\"><div class=\"wpb_wrapper\"><\/div><\/div><\/div><\/div><\/div><\/section>\n","protected":false},"excerpt":{"rendered":"Lubricante para compresores de tornillos RS 8000 19 Litros$299.693 + IVA Lubricante sint\u00e9tico PAO para compresores de tornillo. Disponible en grados ISO 32 y 46, ofrece hasta 8.000 horas de operaci\u00f3n continua, con excelente estabilidad t\u00e9rmica, resistencia a la oxidaci\u00f3n y protecci\u00f3n contra el desgaste. Ideal para industrias que requieren confiabilidad operativa sin interrupciones. &#36;299.693...","protected":false},"author":3,"featured_media":0,"parent":0,"menu_order":0,"comment_status":"closed","ping_status":"closed","template":"","meta":{"footnotes":""},"class_list":["post-6635","page","type-page","status-publish","hentry"],"acf":[],"_links":{"self":[{"href":"https:\/\/fscurtis.cl\/landing\/lubricanteRS8000\/wp-json\/wp\/v2\/pages\/6635","targetHints":{"allow":["GET"]}}],"collection":[{"href":"https:\/\/fscurtis.cl\/landing\/lubricanteRS8000\/wp-json\/wp\/v2\/pages"}],"about":[{"href":"https:\/\/fscurtis.cl\/landing\/lubricanteRS8000\/wp-json\/wp\/v2\/types\/page"}],"author":[{"embeddable":true,"href":"https:\/\/fscurtis.cl\/landing\/lubricanteRS8000\/wp-json\/wp\/v2\/users\/3"}],"replies":[{"embeddable":true,"href":"https:\/\/fscurtis.cl\/landing\/lubricanteRS8000\/wp-json\/wp\/v2\/comments?post=6635"}],"version-history":[{"count":278,"href":"https:\/\/fscurtis.cl\/landing\/lubricanteRS8000\/wp-json\/wp\/v2\/pages\/6635\/revisions"}],"predecessor-version":[{"id":9557,"href":"https:\/\/fscurtis.cl\/landing\/lubricanteRS8000\/wp-json\/wp\/v2\/pages\/6635\/revisions\/9557"}],"wp:attachment":[{"href":"https:\/\/fscurtis.cl\/landing\/lubricanteRS8000\/wp-json\/wp\/v2\/media?parent=6635"}],"curies":[{"name":"wp","href":"https:\/\/api.w.org\/{rel}","templated":true}]}}